8).
-128
Let j(k) = 2*k**3 - 96*k**2 + 352*k + 5. Give j(44).
5
Let b(l) = -l**2 + 133*l + 14732. Determine b(205).
-28
Let f(j) = j**3 + j**2 - 4*j - 10. Calculate f(-3).
-16
Let m(i) = -5*i**2 + 107*i + 613. Determine m(26).
15
Let a(k) = -5*k - 80. What is a(-28)?
60
Let l(p) = 7*p - 185. What is l(20)?
-45
Let s(r) = 27*r**2 + 611*r + 69. Calculate s(-23).
299
Let n(x) = -108*x + 861. What is n(7)?
105
Let g(x) = 7*x**2 + 3*x - 190. What is g(5)?
0
Let s(x) = 150*x**2 - 1213*x + 96. Determine s(8).
-8
Let s(j) = -3*j**2 + 668*j + 5495. Calculate s(-8).
-41
Let v(n) = -n**3 - 240*n**2 + 464*n - 4814. What is v(-242)?
26
Let z(k) = 1455*k + 5839. What is z(-4)?
19
Let z(i) = -22*i - 390. Give z(-12).
-126
Let a(k) = -k**3 + 4*k**2 + 15*k - 60. What is a(5)?
-10
Let t(n) = n + 49. Determine t(20).
69
Let t(b) = -b**2 + 16*b - 77. Give t(19).
-134
Let l(s) = 16*s + 170. Give l(13).
378
Let u(g) = -597*g - 5382. Give u(-9).
-9
Let h(j) = j**2 + 135*j + 4312. What is h(-81)?
-62
Let j(k) = -k**2 + 5*k + 228. Calculate j(14).
102
Let d(a) = -a**3 + 28*a**2 - 126*a - 49. Give d(22).
83
Let m(d) = 3*d**3 - 7*d**2 + d + 71. What is m(5)?
276
Let r(z) = z**3 - 29*z**2 + 22*z - 73. Calculate r(28).
-241
Let c(g) = -42*g - 374. Determine c(-9).
4
Let m(w) = -5*w**2 + 5*w - 13. What is m(5)?
-113
Let a(w) = -42*w**2 - 3*w - 11. Give a(-2).
-173
Let m(d) = 18*d**3 + d**2 - 7*d - 14. Determine m(-2).
-140
Let y(l) = -12*l - 42. Determine y(-12).
102
Let f(q) = 5*q**2 - 1346*q + 2681. Calculate f(2).
9
Let a(f) = -51*f + 1784. Determine a(35).
-1
Let f(y) = 3*y**2 + 9*y - 27. What is f(6)?
135
Let o(k) = -2*k**3 + 3*k**2 + 39*k - 54. Determine o(6).
-144
Let r(p) = -p**2 - 20*p + 70. Give r(-24).
-26
Let i(y) = y**3 + 152*y**2 + 474*y + 4017. Determine i(-149).
-6
Let x(g) = 278*g - 1609. Give x(6).
59
Let t(j) = 2*j**3 - 98*j**2 - 115*j + 727. What is t(50)?
-23
Let u(g) = 335*g - 27470. Determine u(82).
0
Let j(f) = -3*f**2 - 67*f + 57. Calculate j(-23).
11
Let y(v) = -v**3 - 8*v**2 + 44. Determine y(-7).
-5
Let z(v) = v**3 - 14*v**2 + 23*v + 34. Give z(12).
22
Let i(r) = -1260*r + 364142. What is i(289)?
2
Let u(g) = -g**3 - 3*g**2 - 10*g - 111. What is u(-7)?
155
Let l(k) = k**2 + 144*k - 3677. Calculate l(22).
-25
Let b(w) = 88*w - 12666. Determine b(144).
6
Let h(r) = -6877*r + 27503. Give h(4).
-5
Let n(l) = -l**3 + 6*l**2 - 7*l - 7. Determine n(5).
-17
Let h(b) = -3*b**3 - 26*b**2 + 29*b + 163. Calculate h(-9).
-17
Let x(v) = -61*v**2 + 8421*v - 428. Determine x(138).
-14
Let u(b) = -b**2 - 3*b + 1. Determine u(-10).
-69
Let w(t) = t**2 + 38*t + 417. Determine w(-16).
65
Let o(s) = 2*s**3 + 22*s**2 - 110*s - 1037. Give o(-12).
-5
Let d(f) = f**3 - 125*f**2 + 2912*f + 68. Give d(31).
6
Let l(g) = 2*g**2 + 16*g - 46. Determine l(-12).
50
Let v(r) = -128*r - 637. What is v(-5)?
3
Let u(v) = 4*v**2 - 64*v - 50. Give u(16).
-50
Let q(f) = -f**3 + 9*f**2 + 156*f + 62. Calculate q(18).
-46
Let v(j) = -54*j**2 + 213*j + 54. Give v(4).
42
Let r(b) = b**2 - 144*b - 6477. Determine r(-36).
3
Let v(i) = 52*i**2 - 366*i + 18. Calculate v(7).
4
Let v(a) = a**2 - 13*a + 16. Give v(12).
4
Let x(g) = -g**3 - 24*g**2 - 105*g + 34. Determine x(-18).
-20
Let h(x) = 5*x + 127. What is h(36)?
307
Let g(v) = 4*v**2 + 55*v + 81. Determine g(-10).
-69
Let v(j) = -381*j + 375. Give v(1).
-6
Let k(q) = 7*q**3 - q**2 - 662*q - 662. What is k(-1)?
-8
Let q(p) = -1836*p + 14695. Determine q(8).
7
Let l(o) = 90*o - 724. Determine l(8).
-4
Let w(u) = u**3 + 4*u**2 - 3*u - 18. Calculate w(-3).
0
Let m(o) = 17*o**2 - 479*o + 37. Calculate m(28).
-47
Let k(y) = y**2 + 798*y + 10970. Determine k(-14).
-6
Let a(g) = -g**3 - 82*g**2 - 64*g + 1380. What is a(-81)?
3
Let u(y) = -7*y + 3. What is u(1)?
-4
Let u(n) = 282*n + 1076. Calculate u(-4).
-52
Let r(p) = -p**3 - 195*p**2 - 178*p + 3102. What is r(-194)?
-2
Let a(w) = -w**2 + 57*w - 425. Determine a(47).
45
Let u(v) = v**3 + 11*v**2 - 20*v. Give u(-9).
342
Let u(k) = -15*k**3 - 7*k**2 + 44*k - 3. What is u(-2)?
1
Let i(n) = -n**3 - 3*n**2 - 8*n - 10. Determine i(-3).
14
Let w(h) = 26*h + 136. Give w(-9).
-98
Let r(t) = -4222*t - 16903. Determine r(-4).
-15
Let k(f) = -11*f - 42. Calculate k(-27).
255
Let n(s) = s**3 - 14*s**2 + 3*s - 1. Determine n(15).
269
Let u(x) = x**2 - 7*x - 202. Determine u(17).
-32
Let h(p) = -p**3 - 21*p**2 + 233*p + 23. Give h(-29).
-6
Let p(i) = i**2 - 138*i + 2919. Determine p(26).
7
Let z(u) = 10*u**2 - 167*u + 111. Give z(16).
-1
Let l(x) = 264*x - 3171. What is l(12)?
-3
Let z(j) = 24*j - 651. Determine z(27).
-3
Let b(p) = 38*p**2 - 1095*p - 209. Calculate b(29).
-6
Let j(b) = -75*b - 1. Calculate j(0).
-1
Let t(q) = -4*q**2 + 756*q - 9. Calculate t(189).
-9
Let a(i) = -496*i - 57. Determine a(-3).
1431
Let j(a) = a**3 + a**2 - 24*a - 48. Determine j(-3).
6
Let f(l) = l**3 + 31*l**2 - 22*l - 673. Calculate f(-31).
9
Let i(d) = d**2 - 151*d - 4047. Calculate i(174).
-45
Let c(z) = z**3 + 70*z**2 - 144*z - 9. Calculate c(-72).
-9
Let o(z) = 11*z**2 - 64*z - 7. Give o(12).
809
Let u(h) = -519*h - 7743. Calculate u(-15).
42
Let s(i) = -i**3 - 50*i**2 + 1414*i + 985. Calculate s(-70).
5
Let l(p) = -2*p**2 - 78*p + 93. What is l(-24)?
813
Let n(p) = -p**2 - 9*p + 245. Determine n(-19).
55
Let t(s) = -468*s**3 - 2*s**2 - 17*s + 19. Calculate t(1).
-468
Let r(k) = 2*k**3 + 17*k**2 - 20*k - 52. Determine r(-9).
47
Let j(r) = 25*r - 1249. Give j(50).
1
Let q(z) = z**2 + 30*z - 364. Determine q(-31).
-333
Let b(c) = -2*c + 151. What is b(25)?
101
Let k(y) = -y**2 - 14*y + 423. What is k(18)?
-153
Let g(a) = 2*a**3 - 8*a**2 - 8*a + 40. What is g(4)?
8
Let m(t) = 405*t**3 - 2*t**2 + 48*t - 47. Calculate m(1).
404
Let n(w) = -w**3 + 2*w**2 - 12*w + 14. Calculate n(4).
-66
Let h(n) = -24*n + 1260. Calculate h(53).
-12
Let n(k) = 3*k**2 - 25*k - 12. What is n(5)?
-62
Let z(s) = -304*s - 9424. Calculate z(-31).
0
Let j(s) = -12*s - 549. Give j(-48).
27
Let r(k) = 46*k + 274. Calculate r(-5).
44
Let t(h) = -608*h + 692. Give t(1).
84
Let x(o) = -2*o**2 + 43*o - 157. What is x(12)?
71
Let f(t) = -41*t + 113. What is f(6)?
-133
Let y(d) = -17*d**3 + 44*d**2 + 5*d - 18. Calculate y(3).
-66
Let o(h) = -115*h - 139. Calculate o(-1).
-24
Let l(o) = 3*o**2 - 306*o + 619. Determine l(2).
19
Let f(t) = -1562*t - 7827. Give f(-5).
-17
Let g(a) = -180*a + 14432. Calculate g(80).
32
Let q(z) = 3*z**2 - 21*z + 2. What is q(-3)?
92
Let m(u) = -11213*u - 56053. What is m(-5)?
12
Let z(p) = 2*p**2 + 10*p - 118. What is z(5)?
-18
Let s(m) = -25*m**2 - 2*m - 2. Determine s(4).
-410
Let l(u) = 1637*u + 4923. Determine l(-3).
12
Let o(u) = -u**3 - 6*u**2 - 33*u - 65. Calculate o(-2).
-15
Let z(t) = t**3 + 154*t**2 - 474*t - 469. What is z(-157)?
2
Let p(n) = 51*n + 3526. Give p(-70).
-44
Let k(q) = -232*q**2 + q + 3. What is k(-1)?
-230
Let s(f) = f**3 + 23*f**2 + 26*f + 601. What is s(-23)?
3
Let o(j) = -j**2 - 18515*j - 111057. Calculate o(-6).
-3
Let u(z) = z**2 + 2*z - 1862. Calculate u(-45).
73
Let b(i) = -3*i**3 - i**2 + 7*i - 10. Give b(3).
-79
Let u(b) = b**3 + 52*b**2 - 108*b - 45. What is u(-54)?
-45
Let n(v) = 11*v**2 - 19*v - 58. What is n(-3)?
98
Let b(y) = -60*y**2 - 303*y - 6. Calculate b(-5).
9
Let c(v) = 2*v**3 + 10*v**2 - 44*v + 46. Determine c(-9).
-206
Let x(p) = -47*p - 3297. Determine x(-70).
-7
Let x(f) = -14*f**2 - 58*f + 153. Calculate x(-6).
-3
Let n(f) = -f**2 + 32*f - 69. What is n(28)?
43
Let q(g) = -g**2 + 39*g - 143. Give q(4).
-3
Let f(i) = 16*i - 4. Calculate f(-3).
-52
Let c(i) = 2*i**2 - 42*i - 40. Calculate c(25).
160
Let i(v) = 3*v**3 + 34*v**2 + 2*v + 20. Determine i(-11).
119
Let z(w) = -164*w - 962. Give z(-5).
-142
Let p(c) = -23*c**2 - 989*c - 2. What is p(-43)?
-2
Let x(p) = -223*p - 35688. Give x(-160).
-8
Let u(f) = -74*f + 548. What is u(8)?
-44
Let j(n) = n**3 + 5*n**2 + 102*n + 797. Calculate j(-7).
-15
Let h(j) = 45*j - 86. What is h(4)?
94
Let b(w) = 7*w**2 - 162*w + 57. What is b(23)?
34
Let z(p) = 116*p + 690. Calculate z(-6).
-6
Let v(w) = 17*w**2 + 89*w - 10. Calculate v(-7).
200
Let m(q) = q**2 + 17*q + 81. What is m(-16)?
65
Let p(d) = -44*d - 150. Determine p(-5).
70
Let p(c) = -c**3 - 51*c**2 + 5*c + 254. What is p(-51)?
-1
Let c(k) = 17*k**2 + 49*k - 12. Calculate c(-3).
-6
